Is 452344531 composite?
False
Is 826200911 a composite number?
True
Is 40789256521 composite?
True
Is 276044089 a composite number?
False
Is 2170457437 composite?
False
Is 222589033 composite?
True
Is 79871542379 composite?
False
Is 3347807993 a composite number?
False
Is 59444007199 composite?
False
Is 6523372183 a prime number?
True
Is 4186995247 a prime number?
False
Is 108070042081 a prime number?
False
Is 515684249 composite?
True
Is 331797295 prime?
False
Is 1055738309 a prime number?
False
Is 60630089591 a prime number?
True
Is 16070230243 prime?
True
Is 526201727 composite?
True
Is 9207450517 composite?
False
Is 631439747 prime?
True
Is 1577460263 a prime number?
True
Is 8283343426 prime?
False
Is 1498439181 a composite number?
True
Is 286478233 a composite number?
False
Is 5167204505 composite?
True
Is 4281809003 composite?
True
Is 15317574737 prime?
True
Is 325385099939 a composite number?
False
Is 1057274587 a composite number?
False
Is 1233436549 a composite number?
True
Is 2653042687 a composite number?
False
Is 656768137 a composite number?
True
Is 8955881497 composite?
False
Is 37939745131 a composite number?
False
Is 6184829663 a composite number?
False
Is 3811165073 a prime number?
True
Is 1191674574071 composite?
False
Is 939839393 a prime number?
True
Is 2898086923 composite?
True
Is 265612421 composite?
True
Is 13679424587 a prime number?
False
Is 261151349 a composite number?
True
Is 1719921029 a composite number?
True
Is 224150419 a prime number?
True
Is 1794707143 composite?
False
Is 4365288791 composite?
False
Is 15019708423 composite?
True
Is 18288998869 a composite number?
True
Is 1996105579 composite?
True
Is 11894310157 a prime number?
True
Is 141423446963 composite?
False
Is 6874253579 a composite number?
False
Is 936979543 a prime number?
False
Is 3275108209 a composite number?
True
Is 1450842689 prime?
True
Is 3416904581 a prime number?
True
Is 78408731657 a prime number?
True
Is 38713388519 composite?
True
Is 28476142291 composite?
False
Is 1060534703 composite?
True
Is 48988885447 a prime number?
False
Is 347813768906 a composite number?
True
Is 2076336827 a composite number?
True
Is 377403992371 prime?
False
Is 32986623427 prime?
False
Is 2593585021 prime?
True
Is 12224597909 composite?
True
Is 6603399991 composite?
True
Is 961256473 a prime number?
True
Is 2776592459 composite?
True
Is 3710588437 a composite number?
True
Is 97629270589 a prime number?
False
Is 1405341677 a prime number?
False
Is 2327790469 prime?
True
Is 275165074 prime?
False
Is 23913280399 composite?
True
Is 2444159138 prime?
False
Is 899690579 prime?
False
Is 17274385027 prime?
False
Is 95886376603 prime?
True
Is 25258238021 composite?
False
Is 743031017 prime?
True
Is 19138368601 a composite number?
True
Is 42121113403 a prime number?
True
Is 7107159539 a prime number?
True
Is 16143112147 a composite number?
True
Is 24864687167 a prime number?
True
Is 93508111 a composite number?
True
Is 5627438123 composite?
True
Is 2128548199 composite?
True
Is 340370417 a composite number?
True
Is 1235876021 a prime number?
True
Is 11724568199 composite?
True
Is 25230123829 a composite number?
True
Is 742215401 prime?
True
Is 3281186219 composite?
False
Is 579812719 a prime number?
False
Is 7581419998 a prime number?
False
Is 13687711129 a prime number?
True
Is 91750843013 a composite number?
True
Is 22763104513 prime?
True
Is 264107671 a composite number?
False
Is 676568671 a composite number?
True
Is 61509762229 a prime number?
True
Is 386716751 a prime number?
True
Is 37562808359 a prime number?
False
Is 4986449963 a composite number?
True
Is 1037542549 composite?
False
Is 2975573357 prime?
False
Is 360466247 prime?
False
Is 5729450497 a composite number?
False
Is 3309877939 composite?
True
Is 7497241571 prime?
False
Is 703454239 a prime number?
False
Is 4278355193 prime?
False
Is 15763389 a composite number?
True
Is 228348091867 a prime number?
False
Is 871645142 a prime number?
False
Is 70063121 a composite number?
True
Is 7861394962 a composite number?
True
Is 53191963115 composite?
True
Is 529643129 a prime number?
False
Is 18068249989 a prime number?
True
Is 442236937 composite?
True
Is 726208237 prime?
True
Is 623523220631 a prime number?
True
Is 4532815637 composite?
True
Is 7071129119 a prime number?
False
Is 340396631 a composite number?
False
Is 350013953 prime?
False
Is 317509265 a composite number?
True
Is 5804554037 prime?
False
Is 11102473189 a prime number?
False
Is 923084579 a prime number?
True
Is 128955899 a composite number?
False
Is 79133867 a composite number?
False
Is 4040356549 composite?
False
Is 81659173 composite?
False
Is 52340076101 a prime number?
True
Is 1082693489 composite?
False
Is 10935475853 composite?
True
Is 1526378771 a composite number?
True
Is 2001911201 composite?
True
Is 55262113097 composite?
True
Is 763954733 composite?
True
Is 97272487849 composite?
False
Is 74621255351 composite?
False
Is 3934666555 composite?
True
Is 45474956707 a prime number?
True
Is 95258487 a prime number?
False
Is 2663205955 a composite number?
True
Is 2017785137 a composite number?
False
Is 5615204161 prime?
False
Is 236518015651 prime?
True
Is 1438214017 composite?
False
Is 863537971 composite?
False
Is 899840111 a prime number?
False
Is 1768201097 composite?
True
Is 4320398191 composite?
True
Is 7261943561 a composite number?
False
Is 37963713473 a prime number?
False
Is 96924377449 prime?
True
Is 23522357737 a composite number?
False
Is 208957901 a prime number?
False
Is 5131589053 composite?
True
Is 194111130131 prime?
False
Is 383909413 prime?
False
Is 132392213 a composite number?
False
Is 524006911 prime?
True
Is 7828309653 a prime number?
False
Is 239857889 a composite number?
True
Is 30268334861 composite?
False
Is 6134267549 a composite number?
False
Is 18419396207 a composite number?
False
Is 44987735747 composite?
True
Is 43599471599 a composite number?
True
Is 212473669 a composite number?
True
Is 19076383294 a composite number?
True
Is 9789643 composite?
True
Is 3273102797 a composite number?
False
Is 1267762493 composite?
False
Is 2272871057 prime?
True
Is 1383458455 a prime number?
False
Is 7372715423 prime?
False
Is 2643911497 a composite number?
True
Is 8678243641 composite?
False
Is 69062357017 composite?
False
Is 73109775586 a composite number?
True
Is 789449369 a composite number?
False
Is 18560754371 composite?
True
Is 86875450801 a prime number?
True
Is 908635523 prime?
True
Is 47821691 a composite number?
True
Is 1427314717 composite?
True
Is 63615463 composite?
False
Is 208963127 a prime number?
True
Is 400307737 a composite number?
True
Is 4274119613 a prime number?
False
Is 8579530405 composite?
True
Is 301495849 prime?
True
Is 7599809127 prime?
False
Is 365256559 composite?
False
Is 14527391167 composite?
True
Is 21935623849 prime?
True
Is 847892489 prime?
True
Is 132111659 prime?
False
Is 2563815251 a composite number?
False
Is 11200442663 a prime number?
True
Is 318702337 a prime number?
True
Is 9641196251 a composite number?
False
Is 44292504023 a composite number?
False
Is 7744465921 a composite number?
True
Is 1185778658 a composite number?
True
Is 6325878611 composite?
True
Is 1486241257 a composite number?
True
Is 503166403 a prime number?
False
Is 3122113151 a composite number?
False
Is 36945573661 composite?
False
Is 5565672263 prime?
True
Is 9400180043 a composite number?
True
Is 11236225997 composite?
False
Is 74304089 a composite number?
False
Is 1174557091 prime?
True
Is 17789971033 prime?
False
Is 86669383135 a composite number?
True
Is 1885542803 composite?
True
Is 346099637 a composite number?
True
Is 12030163 prime?
False
Is 78390355409 prime?
False
Is 5080032627 composite?
True
Is 704633653 prime?
False
Is 1315276381 composite?
False
Is 5420266003 a prime number?
True
Is 444531089 a prime number?
True
Is 787636579 a composite number?
False
Is 3111744683 a composite number?
False
Is 654194503 a composite number?
False
Is 507861239 a prime number?
True
Is 1685978969 a composite number?
True
Is 63522271105 a composite number?
True
Is 137791583 a composite number?
False
Is 14584189 a prime number?
False
Is 5271723203 prime?
True
Is 1575067547 prime?
True
Is 6146264393 composite?
False